 the remainder when w(x) is divided by 25.
23
Suppose -5*s = s - 3*s. Suppose 3*c - 75 - 81 = s. Calculate the remainder when c is divided by 19.
14
Let y = 724 - 642. What is the remainder when 234 is divided by y?
70
Let x(t) = t - 1. Let q be x(-9). Let f be (-5)/(q/8) - -1. Suppose 3*i = -f*z + 193, -2 = -i - i. Calculate the remainder when z is divided by 8.
6
Suppose 3*j - 5*a + 5 = 0, 2*a - 2 = -2*j + 4*a. Let b(c) = 2*c - 7. What is the remainder when 9 is divided by b(j)?
0
Suppose -f + 19 = -2*a - 31, -4*a = 2*f - 76. Calculate the remainder when f is divided by 39.
5
Let v be (-3 - (-12 - -2)) + 3. Suppose -v + 2 = -4*c, 216 = 4*k - 4*c. Calculate the remainder when k is divided by 15.
11
Suppose 31*y = 30*y. Let i(m) = -2*m + m - 4 + 34. What is the remainder when i(y) is divided by 16?
14
Let a be 20/(-3)*(-2046)/55. Suppose 8*m = a + 48. Calculate the remainder when 143 is divided by m.
32
Suppose 2*y + y = 0. Suppose -2*p + 32 + 28 = y. Calculate the remainder when 116 is divided by p.
26
Let o(w) = -w**3 - 28*w**2 + 29*w + 12. Calculate the remainder when 103 is divided by o(-29).
7
Calculate the remainder when (6/(-9))/1 - (-2728)/24 is divided by 34.
11
Suppose i = 7 - 2. Suppose 10*n - 30 = i*n. What is the remainder when 25 is divided by -4*(-21)/n*1?
11
Suppose 1 = -2*s + 7. Calculate the remainder when 71 is divided by 53/s + 3/9.
17
Suppose 0 = 3*y - 6, -2*y = g - 3*g. Let h = 58 - 50. What is the remainder when 25 - 1 - (g - 1) is divided by h?
7
Let m(r) = 3*r**2 - 2*r - 1. Calculate the remainder when 54 is divided by m(2).
5
Suppose u - 4*h = -4*u + 758, 4*u - 604 = 4*h. Calculate the remainder when u is divided by 12.
10
Suppose -5*g - 3 = -8*g. Let c be 1/g - (8 - 11). Suppose 0 = -y + 3*s + 43, c*y = -s + 4*s + 190. Calculate the remainder when y is divided by 25.
24
Suppose 89 = -4*q + 5*q. Suppose w - q = -0*s + 2*s, w - 4*s = 83. Suppose 5*t - 48 = 3*t. What is the remainder when w is divided by t?
23
Suppose -i - 5*u - 23 = -15, 6 = i - 2*u. Suppose 3*b - 3 = 3. What is the remainder when b is divided by i?
0
Let q(r) = -4*r - 8 + 2*r + 51. Let w be q(0). Let t = 106 - w. What is the remainder when t is divided by 22?
19
Suppose -5*m - 2*b + 83 = 0, 6*m + b = 3*m + 49. Suppose -3*u + 0*u = -9. What is the remainder when u is divided by 5*-1*(6 - 99/m)?
0
Let a(p) = -7*p**3 + p**2 - 1. Let x(j) = j**3 - 8*j**2 + 10*j - 2. Calculate the remainder when x(7) is divided by a(-1).
5
Let r = 34 - 34. Suppose 4*b - 60 - 48 = r. Calculate the remainder when 132 is divided by b.
24
Let x = -186 + 579. Calculate the remainder when x is divided by 18.
15
Let c = -1181 + 1187. Let v be 2/(-3 + 2) - -6. Suppose d - 3*w = 26, 0*d + v*w = -d - 9. Calculate the remainder when d is divided by c.
5
Let q(v) = 117*v - 576. Calculate the remainder when 627 is divided by q(5).
6
Let m(t) = -t**2 - 9*t + 288. Calculate the remainder when 103 is divided by m(12).
31
Let a(n) = -4*n**2 - 44*n + 3. Let c(z) = 8*z**2. What is the remainder when c(-1) is divided by a(-11)?
2
Suppose 106 + 8 = 6*u. Let r = u + 0. Let j(i) = -14*i - 9. What is the remainder when j(-6) is divided by r?
18
Let g = 86 - 17. Let o(t) = 8*t - 35. Let y be o(5). Let f(h) = h**3 - 5*h**2 + 2*h + 8. Calculate the remainder when g is divided by f(y).
15
Suppose 3*h = -14*h. Suppose h = -k - 23 + 38. What is the remainder when 70 is divided by k?
10
Suppose a - 57 = -5. Let w(q) = -q**3 + 2*q + 19. Calculate the remainder when a is divided by w(0).
14
Let i = 136 - 111. Let o(t) = t**3 + 5*t**2 - 2*t - 6. Let c be o(-5). Suppose 45 = x + c*x. Calculate the remainder when i is divided by x.
7
Let r = -7 - -11. Suppose 0 = 3*g + 2*g + 4*v + 22, v - 5 = r*g. What is the remainder when 7 is divided by (g - -4)/((-3)/(-6))?
3
Let h(a) = 3*a**3 - 28*a**2 + 12*a. Calculate the remainder when 75 is divided by h(9).
21
Let t(k) = 97*k**2 + 10*k - 9. Calculate the remainder when t(3) is divided by 64.
62
Let y = 5 - -11. Suppose 178 - y = c. Suppose -c = -5*a - 47. Calculate the remainder when 44 is divided by a.
21
Suppose 3*a - 107 = -4*m, 2*a = -4*m + 14 + 60. What is the remainder when 56 is divided by a?
23
Let u(t) = -t**3 - 5*t**2 + 3*t + 6. Let g be u(-4). Let f = g - -24. Calculate the remainder when 63 is divided by 22/(1/(3/f)).
30
Let s = 204 + -134. Let v(n) = -n**2 - 9*n - 2. Let c(i) = -i - 1. Let b(a) = 5*c(a) - v(a). What is the remainder when s is divided by b(-7)?
16
Let i(r) = r**2 - 5*r + 1. Let u be i(5). Let s(l) = 13*l**3 - l**2. What is the remainder when 83 is divided by s(u)?
11
Let j(c) = c**3 - 4*c**2 - c - 7. Let i(s) = -23*s - 207. What is the remainder when i(-10) is divided by j(5)?
10
Suppose 481 = 5*k - c, -3*c + 497 = -0*k + 5*k. Suppose 3*j - 5*u = k, -4*u + 3*u = 4*j - 137. Calculate the remainder when j is divided by ((-9)/2)/((-2)/4).
7
Let p = -42 - -30. Let f be (-40)/p*3*-1. Let h = 15 - f. What is the remainder when h is divided by 9?
7
Suppose -3*q - 281 = -4*c, 2*c - 4*q - q - 123 = 0. Suppose h = 4*h - 12. Suppose h*n - 30 = c. Calculate the remainder when n is divided by 15.
11
Let r(t) = -3*t - 25. Let g(k) = -3*k - 25. Let c(x) = -2*g(x) + 3*r(x). What is the remainder when 62 is divided by c(-16)?
16
Calculate the remainder when (-52)/(-12) + 1*(-3)/9 is divided by 1.
0
Suppose 0 = l + 2 - 18. Let q(a) = 12*a**2. Let o be q(2). Calculate the remainder when o + (-1 - 0) - 0 is divided by l.
15
Suppose -660 = -2*v + 4*w, -3*v + 4*v + 4*w - 318 = 0. Calculate the remainder when v is divided by 109.
108
What is the remainder when 2318/(-57)*(-4 + 1) is divided by 5?
2
Suppose 4*r - 2*b - 770 = -3*b, 4*r - 778 = -5*b. What is the remainder when r is divided by 65?
62
Let p(o) = -5 + 10 + o**2 + 4*o + 0*o**2. Let c be p(6). What is the remainder when 103 is divided by ((-34)/85)/((-1)/c)?
25
Let t(f) = 200*f**2 + f**3 - 198*f**2 + 2 + 0*f**3 - 9*f. Calculate the remainder when t(-4) is divided by 4.
2
Suppose -2*w - 3*n = -47, -9*w + 5*n - 70 = -12*w. Calculate the remainder when 223 is divided by w.
23
Suppose -22*v - 65 = -23*v + 2*x, 5*v + 4*x - 339 = 0. Calculate the remainder when 197 is divided by v.
63
Let c = -132 + 189. Suppose 62 = 10*q - 138. What is the remainder when c is divided by q?
17
Suppose 4 = -2*d - 2*z, 0 = -4*d + 5*z + 20 + 8. Suppose -d = w + 3*s, w - 2*s = -w + 12. What is the remainder when 15 is divided by w?
3
Let h be 4 - (5 - (-3 - -4)). Suppose -2*o - 4*i = -4*o + 56, 4*o + 5*i - 73 = h. Calculate the remainder when 63 is divided by o.
19
Let h be -1 + (-1 - -5) + -9. Let x be 13 + h + (0 - 3). Suppose -21 = -x*c + 31. What is the remainder when c is divided by 5?
3
Let h = 81 + -64. Suppose -h*j + 21*j = 124. What is the remainder when j is divided by 20?
11
Suppose 386 = 18*i - 406. What is the remainder when i is divided by 12?
8
Suppose 9*w = 12*w + 42. Calculate the remainder when (-19)/19*2*w is divided by 5.
3
Let m(w) = -w**3 + 10*w**2 + 3*w - 19. Let c be (-1)/((-2)/6)*(-6 + 9). What is the remainder when m(c) is divided by 46?
43
Suppose 5*g + 10 = 0, 0*y - 241 = -y - 3*g. Suppose 24*l + 16 = 256. Calculate the remainder when y is divided by l.
7
Let h(k) = k**3 + 23*k**2 + 20*k + 75. Calculate the remainder when h(-22) is divided by 40.
39
Let h(q) = q**2 + q - 4. Let t be ((-3)/(-7))/(1/7). Suppose 0*d - 4*y = t*d - 35, -40 = -4*d - 2*y. Calculate the remainder when h(4) is divided by d.
7
Suppose 30 = 10*y - 0*y. Suppose -y = 3*p, 3*p - 220 = -5*c - 2*p. What is the remainder when c is divided by 24?
21
Suppose 3*m + 11*p - 10*p - 46 = 0, 5*m = -p + 80. What is the remainder when 590 is divided by m?
12
Let z = -4 + 27. Suppose -14*j = -2*s - 1187 + 265, 0 = -2*j + 3*s + 129. What is the remainder when j is divided by z?
20
Let z(a) = 2*a**2 + 60*a - 405. Calculate the remainder when 267 is divided by z(6).
24
Let h = -6761 - -6779. Suppose 3*a - 7 - 11 = 0. What is the remainder when h is divided by a?
0
Let l(j) = -3*j**2 - 27*j - 7. What is the remainder when 28 is divided by l(-8)?
11
Let t = 7 + 15. Calculate the remainder when 1134/16 - (-29)/232 is divided by t.
5
Suppose 5*r = b + 411, 2*r - 3*r + 2*b = -84. What is the remainder when r is divided by 5?
2
Let v be 3 + ((-8)/(